{"id":8,"date":"2017-05-17T15:10:15","date_gmt":"2017-05-17T13:10:15","guid":{"rendered":"http:\/\/christellefortindebord.com\/?page_id=8"},"modified":"2025-12-28T17:04:52","modified_gmt":"2025-12-28T16:04:52","slug":"a-propos-de","status":"publish","type":"page","link":"https:\/\/christellefortindebord.com\/index.php\/a-propos-de\/","title":{"rendered":"De Christelle"},"content":{"rendered":"\n<figure class=\"wp-block-gallery aligncenter has-nested-images columns-default is-cropped wp-block-gallery-1 is-layout-flex wp-block-gallery-is-layout-flex\">\n<figure class=\"wp-block-image\"><img loading=\"lazy\" decoding=\"async\" width=\"480\" height=\"361\" data-id=\"925\" src=\"https:\/\/christellefortindebord.com\/wp-content\/uploads\/2021\/08\/DEBORD-Chrislelle-1-1-480x361.jpg\" alt=\"\" class=\"wp-image-925\" srcset=\"https:\/\/christellefortindebord.com\/wp-content\/uploads\/2021\/08\/DEBORD-Chrislelle-1-1-480x361.jpg 480w, https:\/\/christellefortindebord.com\/wp-content\/uploads\/2021\/08\/DEBORD-Chrislelle-1-1-300x225.jpg 300w, https:\/\/christellefortindebord.com\/wp-content\/uploads\/2021\/08\/DEBORD-Chrislelle-1-1-768x577.jpg 768w, https:\/\/christellefortindebord.com\/wp-content\/uploads\/2021\/08\/DEBORD-Chrislelle-1-1-1200x902.jpg 1200w\" sizes=\"(max-width: 480px) 85vw, 480px\" \/><\/figure>\n<\/figure>\n\n\n<div>\u00a0<\/div>\n<div>\n<p align=\"LEFT\"><span style=\"font-family: Arial, sans-serif;\"><span style=\"font-size: medium;\">Christelle Debord est une peintre aquarelliste qui vit dans le Gers depuis 2006.<\/span><\/span><\/p>\n<p align=\"LEFT\"><span style=\"color: #222222;\"><span style=\"font-family: Arial, sans-serif;\"><span style=\"font-size: medium;\">Autodidacte, elle a commenc\u00e9\u00a0 \u00e0 peindre \u00e0 l&rsquo;huile pendant plus de dix ans, puis a compl\u00e9t\u00e9 ses apprentissages par\u00a0 des cours en dessin, mod\u00e8le vivant et peinture aupr\u00e8s de Ben Brotherton\u00a0 ainsi qu&rsquo;en calligraphie chinoise aupr\u00e8s de Christine Sasakura.<br \/>Elle a d\u00e9couvert l\u2019aquarelle en\u00a0\u00a02013 dans les cours multi-techniques de Ben Brotherton et en a approfondi la technique aupr\u00e8s de Jacques V\u00e9rit\u00e9 \u00e0 Clermont-Pouyguill\u00e8s (Gers) pendant 3 ans, puis aupr\u00e8s d&rsquo;aquarellistes de renom et des formations en ligne.<br \/>Elle a expos\u00e9 ses premi\u00e8res aquarelle (en collectif) en 2015. <br \/>Depuis 2019, elle expose la plupart du temps en solo, principalement dans le Gers.<\/span><\/span><\/span><\/p>\n<p><span style=\"color: #222222;\">\u00a0<span style=\"font-family: Arial, sans-serif;\"><span style=\"font-size: medium;\">\u00ab\u00a0Je suis \u00e9mue par la\u00a0 couleur et la beaut\u00e9 de la nature qui m&rsquo;entoure. L&rsquo;aquarelle offre des possibilit\u00e9s et une part de myst\u00e8re que ne proposent pas les autres m\u00e9diums. Je m&rsquo;impr\u00e8gne des milieux que je traverse lors de mes promenades dans le Gers, de mon jardin et de mes voyages (Su\u00e8de, Chine, Guyane, Nouvelle-Cal\u00e9donie, Japon, &#8230;).<br \/>Je travaille dans mon atelier \u00e0 partir de photos que j&rsquo;ai, la plupart du temps, prises moi-m\u00eame, me rem\u00e9morant ainsi les \u00e9motions ressenties sur l&rsquo;instant. \u00bb<\/span><\/span><\/span><\/p>\n<p><span style=\"font-family: Arial, sans-serif;\"><span style=\"font-size: medium;\"><span style=\"color: #222222;\">Toute cette m\u00e9moire \u00e9motionnelle nourrit une s\u00e9rie imaginaire plus instinctive et plus instantan\u00e9e au travers de \u00ab\u00a0Bouquets imaginaires\u00a0\u00bb et toute une s\u00e9rie de petits formats intitul\u00e9e \u00ab\u00a0Quelque par certainement&#8230;\u00a0\u00bb\u00a0<\/span><\/span><\/span><\/p>\n<p><span style=\"font-family: Arial, sans-serif;\"><span style=\"font-size: medium;\">Depuis juin 2018, elle fait partager son exp\u00e9rience dans des ateliers d&rsquo;initiation \u00e0 l&rsquo;aquarelle dans deux villes du Gers. En 2024, le Mus\u00e9e des Beaux-Arts et des arts d\u00e9coratifs de Mirande lui a demand\u00e9 d&rsquo;animer un stage d&rsquo;aquarelle \u00e0 l&rsquo;occasion des Journ\u00e9es du Patrimoine.<\/span><\/span><\/p>\n<p><span style=\"font-family: Arial, sans-serif;\"><span style=\"font-size: medium;\">Christelle a cr\u00e9\u00e9 en 2023 une cha\u00eene YouTube afin de partager ses exp\u00e9riences et d\u00e9couvertes d&rsquo;aquarelliste.<\/span><\/span><\/p>\n<\/div>\n<div>\u00a0<\/div>\n<div>\u00a0<\/div>\n<div>De 2003 \u00e0 2008, elle \u00e9tait chanteuse, interpr\u00e8te et auteure du groupe LILIKEN (cr\u00e9ation en chanson fran\u00e7aise intimiste) \u00e0 Toulouse, avec un album en 2006 (\u00ab\u00a0Loin des villes\u00a0\u00bb avec le soutien de l&rsquo;ADAMI) et de nombreux concerts en France &#8211; principalement en r\u00e9gion Midi-Pyr\u00e9n\u00e9es.<\/div>\n<div>Elle a \u00e9galement manag\u00e9\u00a0 les groupes Prisca et Liliken.<br \/>Actuellement professeure des \u00e9cole, elle d&rsquo;abord entam\u00e9 sa vie professionnelle en tant que VRP en grande distribution pour la soci\u00e9t\u00e9 DIM pendant plus de 7 ann\u00e9es.<\/div>\n<div>\u00a0<\/div>\n<div>\u00a0<\/div>\n\n<p>[rl_gallery id=\u00a0\u00bb737&Prime;]<\/p>\n","protected":false},"excerpt":{"rendered":"<p>\u00a0 Christelle Debord est une peintre aquarelliste qui vit dans le Gers depuis 2006. Autodidacte, elle a commenc\u00e9\u00a0 \u00e0 peindre \u00e0 l&rsquo;huile pendant plus de dix ans, puis a compl\u00e9t\u00e9 ses apprentissages par\u00a0 des cours en dessin, mod\u00e8le vivant et peinture aupr\u00e8s de Ben Brotherton\u00a0 ainsi qu&rsquo;en calligraphie chinoise aupr\u00e8s de Christine Sasakura.Elle a d\u00e9couvert &hellip; <a href=\"https:\/\/christellefortindebord.com\/index.php\/a-propos-de\/\" class=\"more-link\">Continuer la lecture<span class=\"screen-reader-text\"> de &laquo;&nbsp;De Christelle&nbsp;&raquo;<\/span><\/a><\/p>\n","protected":false},"author":1,"featured_media":23,"parent":0,"menu_order":0,"comment_status":"closed","ping_status":"closed","template":"","meta":{"footnotes":""},"_links":{"self":[{"href":"https:\/\/christellefortindebord.com\/index.php\/wp-json\/wp\/v2\/pages\/8"}],"collection":[{"href":"https:\/\/christellefortindebord.com\/index.php\/wp-json\/wp\/v2\/pages"}],"about":[{"href":"https:\/\/christellefortindebord.com\/index.php\/wp-json\/wp\/v2\/types\/page"}],"author":[{"embeddable":true,"href":"https:\/\/christellefortindebord.com\/index.php\/wp-json\/wp\/v2\/users\/1"}],"replies":[{"embeddable":true,"href":"https:\/\/christellefortindebord.com\/index.php\/wp-json\/wp\/v2\/comments?post=8"}],"version-history":[{"count":77,"href":"https:\/\/christellefortindebord.com\/index.php\/wp-json\/wp\/v2\/pages\/8\/revisions"}],"predecessor-version":[{"id":1811,"href":"https:\/\/christellefortindebord.com\/index.php\/wp-json\/wp\/v2\/pages\/8\/revisions\/1811"}],"wp:featuredmedia":[{"embeddable":true,"href":"https:\/\/christellefortindebord.com\/index.php\/wp-json\/wp\/v2\/media\/23"}],"wp:attachment":[{"href":"https:\/\/christellefortindebord.com\/index.php\/wp-json\/wp\/v2\/media?parent=8"}],"curies":[{"name":"wp","href":"https:\/\/api.w.org\/{rel}","templated":true}]}}